{"id":9,"date":"2020-04-22T11:27:49","date_gmt":"2020-04-22T11:27:49","guid":{"rendered":"http:\/\/piotrzgierski.pl\/?page_id=9"},"modified":"2024-05-27T13:14:23","modified_gmt":"2024-05-27T11:14:23","slug":"about","status":"publish","type":"page","link":"https:\/\/okiemrealisty.pl\/index.php\/about\/","title":{"rendered":"O mnie"},"content":{"rendered":"\n<figure class=\"wp-block-image size-full is-resized\"><img loading=\"lazy\" decoding=\"async\" width=\"1080\" height=\"1080\" src=\"https:\/\/okiemrealisty.pl\/wp-content\/uploads\/2024\/05\/Projekt-bez-nazwy-2.jpg\" alt=\"\" class=\"wp-image-351\" style=\"width:174px;height:auto\" srcset=\"https:\/\/okiemrealisty.pl\/wp-content\/uploads\/2024\/05\/Projekt-bez-nazwy-2.jpg 1080w, https:\/\/okiemrealisty.pl\/wp-content\/uploads\/2024\/05\/Projekt-bez-nazwy-2-300x300.jpg 300w, https:\/\/okiemrealisty.pl\/wp-content\/uploads\/2024\/05\/Projekt-bez-nazwy-2-1024x1024.jpg 1024w, https:\/\/okiemrealisty.pl\/wp-content\/uploads\/2024\/05\/Projekt-bez-nazwy-2-150x150.jpg 150w, https:\/\/okiemrealisty.pl\/wp-content\/uploads\/2024\/05\/Projekt-bez-nazwy-2-768x768.jpg 768w\" sizes=\"auto, (max-width: 709px) 85vw, (max-width: 909px) 67vw, (max-width: 1362px) 62vw, 840px\" \/><\/figure>\n\n\n<p><strong>\u201eOkiem Realisty\u201d<\/strong><\/p>\n<p>\u2013 gdzie rzeczywisto\u015b\u0107 jest analizowana bez r\u00f3\u017cowych okular\u00f3w, ale i nadmiernego biadolenia. Jestem pasjonatem \u017cycia w jego najr\u00f3\u017cniejszych ods\u0142onach, od codziennych spraw po globalne wydarzenia. Uwielbiam zg\u0142\u0119bia\u0107 tajniki ludzkiej psychiki, odkrywa\u0107 now\u0105 technologi\u0119, czerpa\u0107 z szerokiej kultury i obserwowa\u0107 spo\u0142ecze\u0144stwo. Chc\u0119 dzieli\u0107 si\u0119 z Wami refleksjami, kt\u00f3re s\u0105 zar\u00f3wno osobiste, jak i uniwersalne. Cz\u0119sto porusz\u0119 temat pod k\u0105tem marketingu lub okre\u015blania siebie. Zawsze staram si\u0119 szuka\u0107 odpowiedzi na pytanie, jak \u017cy\u0107 lepiej i \u015bwiadomiej w \u015bwiecie pe\u0142nym wyzwa\u0144. Czasem zamkniemy si\u0119 w kuchni, czasem w warsztacie, a weekendy sp\u0119dzimy w ogrodzie lub na popularnych serwisach streamingowych. Nie ma jednej drogi&#8230; jest wiele, kt\u00f3rymi warto pod\u0105\u017ca\u0107!<\/p>\n<p>\u201eOkiem Realisty\u201d to przestrze\u0144 dla poszukiwaczy prawdy, kt\u00f3rzy, tak jak ja, nie boj\u0105 si\u0119 stawia\u0107 trudnych pyta\u0144 i poszukiwa\u0107 na nie odpowiedzi. Zapraszam do dialogu i wsp\u00f3lnego odkrywania, co to znaczy \u017cy\u0107 autentycznie w <a href=\"https:\/\/pl.wikipedia.org\/wiki\/XXI_wiek\">XXI wieku<\/a>. Nie ma tematu Tabu, temat\u00f3w za trudnych &#8211; cho\u0107 r\u00f3wnie\u017c jak na cz\u0142owieka przysta\u0142o czasem emocje potrafi\u0105 wzi\u0105\u0107 g\u00f3r\u0119. Nie ma nadmiernego populizmu, nie chodzi o to, by nie by\u0107 sob\u0105. To miejsce to przestrze\u0144 w kt\u00f3rym ka\u017cdy ma mo\u017cliwo\u015b\u0107 wyra\u017cenia w\u0142asnego zdania, nie zamierzam nikogo pomija\u0107 i na pewno postaram si\u0119 odnie\u015b\u0107 do ka\u017cdego komentarza. Cho\u0107 sp\u00f3jrz wsp\u00f3lnie ze mn\u0105 okiem realisty -&gt;<\/p>\n<p><a href=\"https:\/\/okiemrealisty.pl\/\">Przeczytaj troch\u0119 co napisa\u0142em<\/a><\/p>","protected":false},"excerpt":{"rendered":"<p>\u201eOkiem Realisty\u201d \u2013 gdzie rzeczywisto\u015b\u0107 jest analizowana bez r\u00f3\u017cowych okular\u00f3w, ale i nadmiernego biadolenia. Jestem pasjonatem \u017cycia w jego najr\u00f3\u017cniejszych ods\u0142onach, od codziennych spraw po globalne wydarzenia. Uwielbiam zg\u0142\u0119bia\u0107 tajniki ludzkiej psychiki, odkrywa\u0107 now\u0105 technologi\u0119, czerpa\u0107 z szerokiej kultury i obserwowa\u0107 spo\u0142ecze\u0144stwo. Chc\u0119 dzieli\u0107 si\u0119 z Wami refleksjami, kt\u00f3re s\u0105 zar\u00f3wno osobiste, jak i uniwersalne. &hellip; <a href=\"https:\/\/okiemrealisty.pl\/index.php\/about\/\" class=\"more-link\">Czytaj dalej<span class=\"screen-reader-text\"> \u201eO mnie\u201d<\/span><\/a><\/p>\n","protected":false},"author":1,"featured_media":348,"parent":0,"menu_order":0,"comment_status":"closed","ping_status":"closed","template":"","meta":{"footnotes":""},"class_list":["post-9","page","type-page","status-publish","has-post-thumbnail","hentry"],"yoast_head":"<!-- This site is optimized with the Yoast SEO plugin v22.8 - https:\/\/yoast.com\/wordpress\/plugins\/seo\/ -->\n<title>O mnie - Okiem Realisty<\/title>\n<meta name=\"description\" content=\"Rzeczywisto\u015b\u0107 opisane m\u0119skim okiem realisty, kt\u00f3ry nie b\u0119dzie niezdrowo kolorowa\u0142, ani ci\u0105gle si\u0119 maza\u0142. Realizm.\" \/>\n<meta name=\"robots\" content=\"index, follow, max-snippet:-1, max-image-preview:large, max-video-preview:-1\" \/>\n<link rel=\"canonical\" href=\"https:\/\/okiemrealisty.pl\/index.php\/about\/\" \/>\n<meta property=\"og:locale\" content=\"pl_PL\" \/>\n<meta property=\"og:type\" content=\"article\" \/>\n<meta property=\"og:title\" content=\"O mnie - Okiem Realisty\" \/>\n<meta property=\"og:description\" content=\"Rzeczywisto\u015b\u0107 opisane m\u0119skim okiem realisty, kt\u00f3ry nie b\u0119dzie niezdrowo kolorowa\u0142, ani ci\u0105gle si\u0119 maza\u0142. Realizm.\" \/>\n<meta property=\"og:url\" content=\"https:\/\/okiemrealisty.pl\/index.php\/about\/\" \/>\n<meta property=\"og:site_name\" content=\"Okiem Realisty\" \/>\n<meta property=\"article:modified_time\" content=\"2024-05-27T11:14:23+00:00\" \/>\n<meta property=\"og:image\" content=\"https:\/\/okiemrealisty.pl\/wp-content\/uploads\/2024\/05\/Projekt-bez-nazwy-1.png\" \/>\n\t<meta property=\"og:image:width\" content=\"1080\" \/>\n\t<meta property=\"og:image:height\" content=\"1080\" \/>\n\t<meta property=\"og:image:type\" content=\"image\/png\" \/>\n<meta name=\"twitter:card\" content=\"summary_large_image\" \/>\n<meta name=\"twitter:label1\" content=\"Szacowany czas czytania\" \/>\n\t<meta name=\"twitter:data1\" content=\"2 minuty\" \/>\n<script type=\"application\/ld+json\" class=\"yoast-schema-graph\">{\"@context\":\"https:\/\/schema.org\",\"@graph\":[{\"@type\":\"WebPage\",\"@id\":\"https:\/\/okiemrealisty.pl\/index.php\/about\/\",\"url\":\"https:\/\/okiemrealisty.pl\/index.php\/about\/\",\"name\":\"O mnie - Okiem Realisty\",\"isPartOf\":{\"@id\":\"https:\/\/okiemrealisty.pl\/#website\"},\"primaryImageOfPage\":{\"@id\":\"https:\/\/okiemrealisty.pl\/index.php\/about\/#primaryimage\"},\"image\":{\"@id\":\"https:\/\/okiemrealisty.pl\/index.php\/about\/#primaryimage\"},\"thumbnailUrl\":\"https:\/\/okiemrealisty.pl\/wp-content\/uploads\/2024\/05\/Projekt-bez-nazwy-1.png\",\"datePublished\":\"2020-04-22T11:27:49+00:00\",\"dateModified\":\"2024-05-27T11:14:23+00:00\",\"description\":\"Rzeczywisto\u015b\u0107 opisane m\u0119skim okiem realisty, kt\u00f3ry nie b\u0119dzie niezdrowo kolorowa\u0142, ani ci\u0105gle si\u0119 maza\u0142. Realizm.\",\"breadcrumb\":{\"@id\":\"https:\/\/okiemrealisty.pl\/index.php\/about\/#breadcrumb\"},\"inLanguage\":\"pl-PL\",\"potentialAction\":[{\"@type\":\"ReadAction\",\"target\":[\"https:\/\/okiemrealisty.pl\/index.php\/about\/\"]}]},{\"@type\":\"ImageObject\",\"inLanguage\":\"pl-PL\",\"@id\":\"https:\/\/okiemrealisty.pl\/index.php\/about\/#primaryimage\",\"url\":\"https:\/\/okiemrealisty.pl\/wp-content\/uploads\/2024\/05\/Projekt-bez-nazwy-1.png\",\"contentUrl\":\"https:\/\/okiemrealisty.pl\/wp-content\/uploads\/2024\/05\/Projekt-bez-nazwy-1.png\",\"width\":1080,\"height\":1080},{\"@type\":\"BreadcrumbList\",\"@id\":\"https:\/\/okiemrealisty.pl\/index.php\/about\/#breadcrumb\",\"itemListElement\":[{\"@type\":\"ListItem\",\"position\":1,\"name\":\"Strona g\u0142\u00f3wna\",\"item\":\"https:\/\/okiemrealisty.pl\/\"},{\"@type\":\"ListItem\",\"position\":2,\"name\":\"O mnie\"}]},{\"@type\":\"WebSite\",\"@id\":\"https:\/\/okiemrealisty.pl\/#website\",\"url\":\"https:\/\/okiemrealisty.pl\/\",\"name\":\"Okiem Realisty\",\"description\":\"Ch\u0142odne spojrzenie, ci\u0119ty j\u0119zyk\",\"publisher\":{\"@id\":\"https:\/\/okiemrealisty.pl\/#\/schema\/person\/5a047b7acbade5194152c23ad7d087e7\"},\"alternateName\":\"OkiemRealisty\",\"potentialAction\":[{\"@type\":\"SearchAction\",\"target\":{\"@type\":\"EntryPoint\",\"urlTemplate\":\"https:\/\/okiemrealisty.pl\/?s={search_term_string}\"},\"query-input\":\"required name=search_term_string\"}],\"inLanguage\":\"pl-PL\"},{\"@type\":[\"Person\",\"Organization\"],\"@id\":\"https:\/\/okiemrealisty.pl\/#\/schema\/person\/5a047b7acbade5194152c23ad7d087e7\",\"name\":\"Okiem Realisty\",\"image\":{\"@type\":\"ImageObject\",\"inLanguage\":\"pl-PL\",\"@id\":\"https:\/\/okiemrealisty.pl\/#\/schema\/person\/image\/\",\"url\":\"https:\/\/okiemrealisty.pl\/wp-content\/uploads\/2024\/05\/cropped-Projekt-bez-nazwy-2.jpg\",\"contentUrl\":\"https:\/\/okiemrealisty.pl\/wp-content\/uploads\/2024\/05\/cropped-Projekt-bez-nazwy-2.jpg\",\"width\":240,\"height\":240,\"caption\":\"Okiem Realisty\"},\"logo\":{\"@id\":\"https:\/\/okiemrealisty.pl\/#\/schema\/person\/image\/\"}}]}<\/script>\n<!-- \/ Yoast SEO plugin. -->","yoast_head_json":{"title":"O mnie - Okiem Realisty","description":"Rzeczywisto\u015b\u0107 opisane m\u0119skim okiem realisty, kt\u00f3ry nie b\u0119dzie niezdrowo kolorowa\u0142, ani ci\u0105gle si\u0119 maza\u0142. Realizm.","robots":{"index":"index","follow":"follow","max-snippet":"max-snippet:-1","max-image-preview":"max-image-preview:large","max-video-preview":"max-video-preview:-1"},"canonical":"https:\/\/okiemrealisty.pl\/index.php\/about\/","og_locale":"pl_PL","og_type":"article","og_title":"O mnie - Okiem Realisty","og_description":"Rzeczywisto\u015b\u0107 opisane m\u0119skim okiem realisty, kt\u00f3ry nie b\u0119dzie niezdrowo kolorowa\u0142, ani ci\u0105gle si\u0119 maza\u0142. Realizm.","og_url":"https:\/\/okiemrealisty.pl\/index.php\/about\/","og_site_name":"Okiem Realisty","article_modified_time":"2024-05-27T11:14:23+00:00","og_image":[{"width":1080,"height":1080,"url":"https:\/\/okiemrealisty.pl\/wp-content\/uploads\/2024\/05\/Projekt-bez-nazwy-1.png","type":"image\/png"}],"twitter_card":"summary_large_image","twitter_misc":{"Szacowany czas czytania":"2 minuty"},"schema":{"@context":"https:\/\/schema.org","@graph":[{"@type":"WebPage","@id":"https:\/\/okiemrealisty.pl\/index.php\/about\/","url":"https:\/\/okiemrealisty.pl\/index.php\/about\/","name":"O mnie - Okiem Realisty","isPartOf":{"@id":"https:\/\/okiemrealisty.pl\/#website"},"primaryImageOfPage":{"@id":"https:\/\/okiemrealisty.pl\/index.php\/about\/#primaryimage"},"image":{"@id":"https:\/\/okiemrealisty.pl\/index.php\/about\/#primaryimage"},"thumbnailUrl":"https:\/\/okiemrealisty.pl\/wp-content\/uploads\/2024\/05\/Projekt-bez-nazwy-1.png","datePublished":"2020-04-22T11:27:49+00:00","dateModified":"2024-05-27T11:14:23+00:00","description":"Rzeczywisto\u015b\u0107 opisane m\u0119skim okiem realisty, kt\u00f3ry nie b\u0119dzie niezdrowo kolorowa\u0142, ani ci\u0105gle si\u0119 maza\u0142. Realizm.","breadcrumb":{"@id":"https:\/\/okiemrealisty.pl\/index.php\/about\/#breadcrumb"},"inLanguage":"pl-PL","potentialAction":[{"@type":"ReadAction","target":["https:\/\/okiemrealisty.pl\/index.php\/about\/"]}]},{"@type":"ImageObject","inLanguage":"pl-PL","@id":"https:\/\/okiemrealisty.pl\/index.php\/about\/#primaryimage","url":"https:\/\/okiemrealisty.pl\/wp-content\/uploads\/2024\/05\/Projekt-bez-nazwy-1.png","contentUrl":"https:\/\/okiemrealisty.pl\/wp-content\/uploads\/2024\/05\/Projekt-bez-nazwy-1.png","width":1080,"height":1080},{"@type":"BreadcrumbList","@id":"https:\/\/okiemrealisty.pl\/index.php\/about\/#breadcrumb","itemListElement":[{"@type":"ListItem","position":1,"name":"Strona g\u0142\u00f3wna","item":"https:\/\/okiemrealisty.pl\/"},{"@type":"ListItem","position":2,"name":"O mnie"}]},{"@type":"WebSite","@id":"https:\/\/okiemrealisty.pl\/#website","url":"https:\/\/okiemrealisty.pl\/","name":"Okiem Realisty","description":"Ch\u0142odne spojrzenie, ci\u0119ty j\u0119zyk","publisher":{"@id":"https:\/\/okiemrealisty.pl\/#\/schema\/person\/5a047b7acbade5194152c23ad7d087e7"},"alternateName":"OkiemRealisty","potentialAction":[{"@type":"SearchAction","target":{"@type":"EntryPoint","urlTemplate":"https:\/\/okiemrealisty.pl\/?s={search_term_string}"},"query-input":"required name=search_term_string"}],"inLanguage":"pl-PL"},{"@type":["Person","Organization"],"@id":"https:\/\/okiemrealisty.pl\/#\/schema\/person\/5a047b7acbade5194152c23ad7d087e7","name":"Okiem Realisty","image":{"@type":"ImageObject","inLanguage":"pl-PL","@id":"https:\/\/okiemrealisty.pl\/#\/schema\/person\/image\/","url":"https:\/\/okiemrealisty.pl\/wp-content\/uploads\/2024\/05\/cropped-Projekt-bez-nazwy-2.jpg","contentUrl":"https:\/\/okiemrealisty.pl\/wp-content\/uploads\/2024\/05\/cropped-Projekt-bez-nazwy-2.jpg","width":240,"height":240,"caption":"Okiem Realisty"},"logo":{"@id":"https:\/\/okiemrealisty.pl\/#\/schema\/person\/image\/"}}]}},"_links":{"self":[{"href":"https:\/\/okiemrealisty.pl\/index.php\/wp-json\/wp\/v2\/pages\/9","targetHints":{"allow":["GET"]}}],"collection":[{"href":"https:\/\/okiemrealisty.pl\/index.php\/wp-json\/wp\/v2\/pages"}],"about":[{"href":"https:\/\/okiemrealisty.pl\/index.php\/wp-json\/wp\/v2\/types\/page"}],"author":[{"embeddable":true,"href":"https:\/\/okiemrealisty.pl\/index.php\/wp-json\/wp\/v2\/users\/1"}],"replies":[{"embeddable":true,"href":"https:\/\/okiemrealisty.pl\/index.php\/wp-json\/wp\/v2\/comments?post=9"}],"version-history":[{"count":6,"href":"https:\/\/okiemrealisty.pl\/index.php\/wp-json\/wp\/v2\/pages\/9\/revisions"}],"predecessor-version":[{"id":353,"href":"https:\/\/okiemrealisty.pl\/index.php\/wp-json\/wp\/v2\/pages\/9\/revisions\/353"}],"wp:featuredmedia":[{"embeddable":true,"href":"https:\/\/okiemrealisty.pl\/index.php\/wp-json\/wp\/v2\/media\/348"}],"wp:attachment":[{"href":"https:\/\/okiemrealisty.pl\/index.php\/wp-json\/wp\/v2\/media?parent=9"}],"curies":[{"name":"wp","href":"https:\/\/api.w.org\/{rel}","templated":true}]}}